
-662247 (base 10) to base 3
-1020122102200
-42134 (base 15) to base 8
-631164
Convert 10001111110111101001 (base 2) to base 6.
20344105
What is -3241443 (base 7) in base 16?
-60dbf
What is 2132254 (base 6) in base 10?
105514
Convert -2dfa4 (base 16) to base 13.
-67946
21d48 (base 14) to base 3
11011202000
What is 2050004 (base 7) in base 8?
743013
-3847b (base 16) to base 8
-702173
What is 1179313 (base 15) in base 4?
233310122103
-299616 (base 13) to base 4
-3321020121
What is 100100110011101001100000 (base 2) in base 13?
1ccaa16
What is 176345 (base 10) in base 12?
86075
20211310 (base 4) to base 3
1210021021
What is 1101001111011111001 (base 2) in base 6?
13144505
-1240125 (base 7) to base 8
-472247
What is -23100210 (base 4) in base 3?
-2100021000
What is -37a3738 (base 12) in base 11?
-6184418
What is 8586e (base 16) in base 5?
120000201
What is 195aa74 (base 11) in base 5?
1321340301
-1111011011010100101 (base 2) to base 12
-204659
Convert 5221305 (base 10) to base 4.
103322232321
What is 2769331 (base 10) in base 9?
5180724
What is 1021022000002 (base 3) in base 7?
5511044
1818be (base 15) to base 6
41023225
Convert 110100110011101011 (base 2) to base 6.
4345215
-24ecd7 (base 16) to base 12
-988507
-420d30 (base 14) to base 9
-4168865
7213 (base 12) to base 7
51102
11010 (base 16) to base 14
1b54c
What is -350076 (base 8) in base 13?
-42130
5163 (base 14) to base 10
14003
Convert -21120212110022 (base 3) to base 16.
-3d87af
-14557002 (base 9) to base 6
-415115132
What is 100000111100011111000 (base 2) in base 13?
2ba4ab
Convert -1a5b (base 16) to base 15.
-1eec
What is -5900023 (base 11) in base 16?
-9d46d9
What is 101201010 (base 4) in base 16?
11844
-169198 (base 11) to base 12
-107128
-1436225 (base 7) to base 14
-50b15
Convert -84263 (base 9) to base 13.
-1c419
43433431 (base 5) to base 13
10145a
1367711 (base 8) to base 2
1011110111111001001
What is -4803565 (base 9) in base 15?
-365922
-4313041 (base 7) to base 5
-113240401
658945 (base 14) to base 2
1101001000100001110001
Convert -2011020210100 (base 3) to base 16.
-117ec4
What is 100100000110110100110 (base 2) in base 13?
3256ac
1011010100011001100 (base 2) to base 9
624682
14b0a8b (base 12) to base 8
20040413
42243 (base 15) to base 3
101122202000
What is 4234095 (base 10) in base 16?
409b6f
Convert 103874 (base 11) to base 3.
22102211121
Convert -10210122211 (base 3) to base 2.
-10010010001010111
30021000201 (base 4) to base 2
1100001001000000100001
-1079c (base 16) to base 15
-14ede
-1102151 (base 8) to base 7
-2342044
Convert -10723022 (base 9) to base 13.
-1106216
What is -104210011 (base 5) in base 10?
-460006
Convert -4330233 (base 5) to base 6.
-1325430
Convert 4381a1 (base 14) to base 12.
924681
What is -10010021002020 (base 3) in base 13?
-460ba8
What is -540413 (base 8) in base 4?
-230010023
What is aa63 (base 15) in base 5?
2123333
Convert 10211001111101 (base 3) to base 15.
2a1044
What is -2433001043 (base 5) in base 6?
-323125020
What is -1000111100101110111111 (base 2) in base 11?
-1362584
103212311330 (base 4) to base 8
23466574
Convert 4a9fa (base 16) to base 8.
1124772
39397 (base 13) to base 8
317147
What is -a77cb (base 15) in base 6?
-15221145
Convert 233224332 (base 5) to base 11.
671396
Convert -3374685 (base 10) to base 9.
-6313170
7286a5 (base 15) to base 8
24613404
40117 (base 8) to base 2
100000001001111
What is 46664600 (base 7) in base 3?
21202011102202
Convert -20010020 (base 3) to base 10.
-4461
Convert -2205610 (base 7) to base 8.
-1021120
Convert -3679563 (base 11) to base 2.
-11000011001100011100001
What is -1110001111001000011 (base 2) in base 15?
-9334e
Convert -22020010122110 (base 3) to base 11.
-2516a64
-2d86 (base 14) to base 5
-230104
What is 338363 (base 10) in base 13?
bb01c
What is -22112010002 (base 3) in base 15?
-34a88
-1022322113 (base 5) to base 15
-2c7758
Convert 697bc (base 14) to base 12.
1046a2
What is -cd014 (base 14) in base 11?
-30a18a
What is -182995 (base 10) in base 3?
-100022000121
-3404205 (base 13) to base 8
-74740512
Convert 257513 (base 9) to base 8.
461407
Convert -13a7a84 (base 11) to base 16.
-24ccdf
Convert 4d7af (base 16) to base 7.
2461150
25576 (base 10) to base 8
61750
-124332311 (base 5) to base 11
-394596
What is 30101311 (base 4) in base 6?
1024501
Convert 464517 (base 13) to base 9.
3118523
5082a9 (base 15) to base 11
2182434
What is 21142342 (base 5) in base 10?
177847
93ac23 (base 15) to base 4
122302202031
-150321415 (base 6) to base 5
-1243334322
Convert 329058 (base 10) to base 4.
1100111202
-241404 (base 7) to base 2
-1010101011110001
Convert cc526 (base 15) to base 16.
9e7c9
What is 815782a (base 11) in base 2?
110110111111110010100101
Convert 300512 (base 8) to base 2.
11000000101001010
Convert 1a6173 (base 11) to base 16.
4d100
What is -c50b1 (base 13) in base 3?
-122222101222
1226061 (base 8) to base 6
11133225
What is -1001221122202 (base 3) in base 11?
-35a136
Convert -178746 (base 9) to base 4.
-123030321
273b6 (base 15) to base 10
125721
Convert 89572 (base 11) to base 10.
129791
-5636148 (base 11) to base 16
-96b2e1
Convert 12211201220 (base 3) to base 12.
56666
What is -133240321 (base 5) in base 12?
-289b1b
What is 112210222101 (base 3) in base 2?
1000111001011111111
What is -10233434 (base 6) in base 8?
-1112236
-202055 (base 7) to base 11
-23889
Convert -1225a42 (base 12) to base 11.
-1aa50a4
Convert 11122010220 (base 3) to base 16.
1645e
What is 3013100202 (base 4) in base 10?
816162
Convert 125386 (base 9) to base 14.
1da65
Convert -25114340 (base 6) to base 12.
-3289b0
What is -142806 (base 14) in base 16?
-aa8b6
Convert -140988 (base 10) to base 3.
-21011101210
64567 (base 11) to base 8
267230
-2954926 (base 10) to base 15
-3d5801
-20489 (base 15) to base 4
-120332013
11202121102200 (base 3) to base 7
30342120
What is -573333 (base 13) in base 9?
-3784563
What is 861993 (base 11) in base 2?
101010000100111011000
660135 (base 8) to base 3
102020112110
Convert 10010010000011111 (base 2) to base 6.
1334115
Convert -3514416 (base 7) to base 6.
-13241300
-247851 (base 10) to base 7
-2051412
3129899 (base 12) to base 4
203111332311
What is -11743621 (base 8) in base 13?
-7037cc
Convert 101022212011000 (base 3) to base 10.
5488749
14503302 (base 6) to base 9
851332
Convert 222234 (base 7) to base 5.
2223400
Convert -519309 (base 12) to base 6.
-43242013
20313230 (base 5) to base 6
3323414
Convert 11000100001121 (base 3) to base 14.
3d7160
Convert 956a2 (base 12) to base 2.
101111111010011010
Convert 9135239 (base 10) to base 11.
517a493
Convert -545152 (base 6) to base 7.
-245546
-139b51 (base 13) to base 16
-74dd2
What is -10878 (base 16) in base 12?
-33220
-2502363 (base 7) to base 4
-1032023103
What is 12687276 (base 10) in base 3?
212212120200010
Convert -6167535 (base 8) to base 4.
-12032331131
212010021110020 (base 3) to base 16
bb7e89
-9b3c97 (base 14) to base 5
-2322224314
Convert 24556 (base 9) to base 6.
204210
350588 (base 9) to base 12
a1945
Convert -30635151 (base 8) to base 7.
-106163143
What is 400405550 (base 6) in base 7?
111244542
Convert -253416223 (base 7) to base 4.
-331103312002
Convert -751d2e (base 16) to base 7.
-122144424
What is -3b5cb1 (base 13) in base 11?
-8a4889
17b320 (base 14) to base 10
837536
-14a837 (base 11) to base 12
-b3465
1303334 (base 6) to base 4
101101222
-2718c (base 13) to base 16
-11c52
Convert 10315453 (base 6) to base 3.
120112111120
Convert -120354024 (base 6) to base 2.
-1000101010001111100000
What is -4671d (base 15) in base 12?
-a9a01
What is -23333 (base 4) in base 12?
-53b
5412733 (base 8) to base 14
29968b
What is 10370 (base 12) in base 9?
32133
What is 33111236 (base 7) in base 3?
12100110012122
Convert -216115 (base 10) to base 7.
-1560034
21541515 (base 8) to base 5
2141400032
Convert 211c99 (base 14) to base 16.
11143f
2c72fe (base 16) to base 5
1221204042
159584 (base 13) to base 4
2002210220
Convert -2640143 (base 8) to base 6.
-23445443
-875785 (base 10) to base 12
-3629a1
Convert -abc0 (base 15) to base 4.
-20320311
Convert -34c5d (base 16) to base 7.
-1560124
Convert -1202120201010 (base 3) to base 4.
-3210221220
What is -1012010220212 (base 3) in base 15?
-c770e
395768 (base 10) to base 5
100131033
Convert -6223 (bas